6428?
2, 11, 131, 272227
List the prime factors of 26210697.
3, 8736899
List the prime factors of 47484417.
3, 17, 931067
What are the prime factors of 1792531338?
2, 3, 13, 53, 433607
What are the prime factors of 2984238313?
7, 43, 911, 10883
What are the prime factors of 52507808?
2, 1640869
List the prime factors of 1202466595.
5, 11, 31, 705259
What are the prime factors of 178770193?
7, 25538599
What are the prime factors of 708100345?
5, 347, 408127
What are the prime factors of 326818468?
2, 19, 139, 30937
What are the prime factors of 151350950?
2, 5, 443, 6833
List the prime factors of 1313407309.
179, 2351, 3121
List the prime factors of 44765565.
3, 5, 13, 17659
What are the prime factors of 2574379812?
2, 3, 53, 4047767
What are the prime factors of 1343535108?
2, 3, 111961259
What are the prime factors of 59701547?
131, 455737
List the prime factors of 39503133.
3, 29, 67, 251
List the prime factors of 992599279.
7, 141799897
List the prime factors of 351046360.
2, 5, 7, 1253737
List the prime factors of 11204968.
2, 61, 22961
List the prime factors of 2027204835.
3, 5, 29, 101, 46141
List the prime factors of 10634783.
239, 44497
List the prime factors of 1487063268.
2, 3, 47, 131, 6709
What are the prime factors of 641379256?
2, 7, 11453201
What are the prime factors of 19501409?
19501409
What are the prime factors of 1689508503?
3, 4253, 14713
What are the prime factors of 869703069?
3, 29, 71, 140797
List the prime factors of 2502254159.
67, 37347077
List the prime factors of 2545657203.
3, 229, 3705469
List the prime factors of 511134351.
3, 7, 13, 1872287
What are the prime factors of 269842189?
7907, 34127
List the prime factors of 344071925.
5, 17, 809581
List the prime factors of 246294948.
2, 3, 19, 23, 67, 701
What are the prime factors of 899628930?
2, 3, 5, 71, 15643
List the prime factors of 4255568547.
3, 29, 263, 185987
What are the prime factors of 434072199?
3, 11, 31, 424313
What are the prime factors of 2380416577?
7, 11, 19, 1627079
List the prime factors of 109904991.
3, 7, 67, 11159
List the prime factors of 657168.
2, 3, 13691
What are the prime factors of 2382262388?
2, 11, 1543, 35089
List the prime factors of 173783761.
179, 970859
What are the prime factors of 805465417?
805465417
What are the prime factors of 2198838681?
3, 13, 1061, 17713
What are the prime factors of 16018496?
2, 13, 1481
List the prime factors of 90229536.
2, 3, 313297
List the prime factors of 52228943.
13, 199, 1553
What are the prime factors of 3879743661?
3, 23, 814901
List the prime factors of 1434457628.
2, 12959, 27673
What are the prime factors of 38044318?
2, 13, 1463243
List the prime factors of 220083865.
5, 59, 746047
What are the prime factors of 19488855?
3, 5, 1299257
What are the prime factors of 353921256?
2, 3, 13, 109, 3469
List the prime factors of 643024991.
7, 53, 247603
List the prime factors of 595410360.
2, 3, 5, 79, 181, 347
List the prime factors of 175219079.
7, 433, 57809
What are the prime factors of 3200817114?
2, 3, 11, 489871
What are the prime factors of 270592954?
2, 157, 861761
List the prime factors of 49278991.
3907, 12613
List the prime factors of 1260007357.
7, 1283, 140297
What are the prime factors of 60453669?
3, 1993, 10111
What are the prime factors of 59746574?
2, 2213, 13499
List the prime factors of 49326941.
29, 53, 67, 479
List the prime factors of 329374398.
2, 3, 23, 2386771
List the prime factors of 385879538.
2, 11, 53, 330943
What are the prime factors of 150120235?
5, 19, 1580213
What are the prime factors of 439196352?
2, 3, 7, 229, 1427
List the prime factors of 2017159765.
5, 149, 193, 14029
List the prime factors of 8942311833.
3, 7, 13, 32755721
What are the prime factors of 30390692?
2, 719, 10567
List the prime factors of 28716743.
11, 2610613
List the prime factors of 606486193.
29, 59, 354463
List the prime factors of 3094724572.
2, 397, 1093, 1783
List the prime factors of 1375029688.
2, 3023, 56857
What are the prime factors of 198642357?
3, 53, 416441
What are the prime factors of 101315846?
2, 1723, 29401
List the prime factors of 147130550.
2, 5, 7, 41, 10253
What are the prime factors of 64697993?
64697993
What are the prime factors of 6112064705?
5, 1222412941
What are the prime factors of 156632528?
2, 13, 739, 1019
List the prime factors of 36736481.
19, 1933499
List the prime factors of 1231845775.
5, 137, 359663
What are the prime factors of 140365265?
5, 47, 457, 1307
What are the prime factors of 76527029?
653, 117193
What are the prime factors of 771990574?
2, 59, 6542293
What are the prime factors of 502803343?
7, 43, 557, 2999
List the prime factors of 1508724167.
1508724167
List the prime factors of 5426266001.
13, 1753, 238109
List the prime factors of 2283386558.
2, 149, 7662371
List the prime factors of 28460577.
3, 317, 29927
List the prime factors of 1304825011.
7, 1823, 102251
What are the prime factors of 98075899?
1873, 52363
What are the prime factors of 149148441?
3, 13, 1274773
List the prime factors of 73410056.
2, 349, 26293
What are the prime factors of 950656635?
3, 5, 61, 67, 1723
List the prime factors of 610624365.
3, 5, 13, 1021, 3067
List the prime factors of 2461400250.
2, 3, 5, 17, 193051
List the prime factors of 330179946.
2, 3, 31, 61, 29101
List the prime factors of 3169804692.
2, 3, 264150391
List the prime factors of 1341166793.
1213, 1105661
What are the prime factors of 338343816?
2, 3, 14097659
List the prime factors of 79094299.
31, 2551429
What are the prime factors of 73304935?
5, 11, 17, 78401
List the prime factors of 77295158.
2, 17, 293, 7759
What are the prime factors of 455975944?
2, 2551, 22343
List the prime factors of 1176957297.
3, 14530337
List the prime factors of 1742689326.
2, 3, 7, 2953, 14051
List the prime factors of 2035022807.
31, 65645897
List the prime factors of 298990703.
11, 27180973
What are the prime factors of 419143589?
73, 5741693
List the prime factors of 201115664.
2, 12569729
List the prime factors of 228468259.
113, 2021843
List the prime factors of 214084460.
2, 5, 23, 223, 2087
List the prime factors of 3751501398.
2, 3, 19, 163, 201889
List the prime factors of 6753145051.
359, 18810989
What are the prime factors of 212672512?
2, 13, 1997
List the prime factors of 3273681753.
3, 281, 571, 2267
What are the prime factors of 447602242?
2, 31, 7219391
What are the prime factors of 1967086751?
7, 281012393
What are the prime factors of 164090032?
2, 827, 12401
List the prime factors of 64155598.
2, 13, 29, 85087
List the prime factors of 628535411.
7, 89790773
What are the prime factors of 1922516919?
3, 19, 11242789
What are the prime factors of 5398492?
2, 11, 122693
List the prime factors of 52979337.
3, 2039, 2887
What are the prime factors of 1019047840?
2, 5, 6369049
What are the prime factors of 136578042?
2, 3, 19, 133117
What are the prime factors of 4160455952?
2, 811, 320627
What are the prime factors of 55605422?
2, 27802711
What are the prime factors of 1103807866?
2, 7, 181, 659, 661
What are the prime factors of 938351766?
2, 3, 11, 14217451
List the prime factors of 36666028.
2, 7, 1309501
What are the prime factors of 3549238141?
167, 251, 84673
List the prime factors of 687363302.
2, 13217, 26003
List the prime factors of 886872506.
2, 13, 43, 563, 1409
List the prime factors of 66185391.
3, 157, 140521
What are the prime factors of 521364624?
2, 3, 11, 987433
What are the prime factors of 6419747?
673, 9539
List the prime factors of 2704630117.
7, 7885219
What are the prime factors of 29722643?
97, 306419
List the prime factors of 17202429.
3, 19, 33533
What are the prime factors of 310706946?
2, 3, 11, 142657
What are the prime factors of 7343595?
3, 5, 7, 19, 409
What are the prime factors of 1087009560?
2, 3, 5, 7, 13, 33181
What are the prime factors of 621585461?
7, 41, 571, 3793
What are the prime factors of 22645451?
22645451
What are the prime factors of 209017360?
2, 5, 919, 2843
What are the prime factors of 9821011?
1949, 5039
What are the prime factors of 6460115700?
2, 3, 5, 269, 80051
What are the prime factors of 1237043220?
2, 3, 5, 7, 31, 277
What are the prime factors of 807642638?
2, 11, 1709, 21481
List the prime factors of 81257841.
3, 7, 17,